{"id":1882,"date":"2023-04-04T11:19:11","date_gmt":"2023-04-04T09:19:11","guid":{"rendered":"http:\/\/actiondespoirmatumaini.org\/?page_id=1882"},"modified":"2023-08-17T14:39:33","modified_gmt":"2023-08-17T12:39:33","slug":"sante-nutrition-et-securite-alimentaire","status":"publish","type":"page","link":"https:\/\/actiondespoirmatumaini.org\/index.php\/sante-nutrition-et-securite-alimentaire\/","title":{"rendered":"Sant\u00e9, Nutrition et S\u00e9curit\u00e9 alimentaire."},"content":{"rendered":"\t\t<div data-elementor-type=\"wp-page\" data-elementor-id=\"1882\" class=\"elementor elementor-1882\">\n\t\t\t\t\t\t<section class=\"elementor-section elementor-top-section elementor-element elementor-element-67ea963 elementor-section-boxed elementor-section-height-default elementor-section-height-default\" data-id=\"67ea963\" data-element_type=\"section\" data-e-type=\"section\">\n\t\t\t\t\t\t<div class=\"elementor-container elementor-column-gap-default\">\n\t\t\t\t\t<div class=\"elementor-column elementor-col-100 elementor-top-column elementor-element elementor-element-d03c08a\" data-id=\"d03c08a\" data-element_type=\"column\" data-e-type=\"column\">\n\t\t\t<div class=\"elementor-widget-wrap elementor-element-populated\">\n\t\t\t\t\t\t<div class=\"elementor-element elementor-element-04d61d6 elementor-widget elementor-widget-heading\" data-id=\"04d61d6\" data-element_type=\"widget\" data-e-type=\"widget\" data-widget_type=\"heading.default\">\n\t\t\t\t<div class=\"elementor-widget-container\">\n\t\t\t\t\t<h6 class=\"elementor-heading-title elementor-size-default\">Approvisionnement en M\u00e9dicaments traceurs, Tests diagnostiques VIH et BHCG, M\u00e9thodes contraceptives modernes et mat\u00e9riel m\u00e9dical de qualit\u00e9 dans les zones de sant\u00e9 de Miti-Murhesa (18 centres de sant\u00e9) , Minova ( 2 centres de sant\u00e9 et 1 HGR) et Kaniola ( 1 centre de sant\u00e9 devenu H\u00f4pital) au Sud-Kivu.<\/h6>\t\t\t\t<\/div>\n\t\t\t\t<\/div>\n\t\t\t\t\t<\/div>\n\t\t<\/div>\n\t\t\t\t\t<\/div>\n\t\t<\/section>\n\t\t\t\t<section class=\"elementor-section elementor-top-section elementor-element elementor-element-9b398c3 elementor-section-boxed elementor-section-height-default elementor-section-height-default\" data-id=\"9b398c3\" data-element_type=\"section\" data-e-type=\"section\">\n\t\t\t\t\t\t<div class=\"elementor-container elementor-column-gap-default\">\n\t\t\t\t\t<div class=\"elementor-column elementor-col-100 elementor-top-column elementor-element elementor-element-9d563bd\" data-id=\"9d563bd\" data-element_type=\"column\" data-e-type=\"column\">\n\t\t\t<div class=\"elementor-widget-wrap elementor-element-populated\">\n\t\t\t\t\t\t<div class=\"elementor-element elementor-element-0448001 elementor-widget elementor-widget-image\" data-id=\"0448001\" data-element_type=\"widget\" data-e-type=\"widget\" data-widget_type=\"image.default\">\n\t\t\t\t<div class=\"elementor-widget-container\">\n\t\t\t\t\t\t\t\t\t\t\t\t\t\t\t<img fetchpriority=\"high\" decoding=\"async\" width=\"640\" height=\"216\" src=\"https:\/\/actiondespoirmatumaini.org\/wp-content\/uploads\/2023\/08\/approvison-1024x346.jpg\" class=\"attachment-large size-large wp-image-1945\" alt=\"\" srcset=\"https:\/\/actiondespoirmatumaini.org\/wp-content\/uploads\/2023\/08\/approvison-1024x346.jpg 1024w, https:\/\/actiondespoirmatumaini.org\/wp-content\/uploads\/2023\/08\/approvison-300x101.jpg 300w, https:\/\/actiondespoirmatumaini.org\/wp-content\/uploads\/2023\/08\/approvison-768x259.jpg 768w, https:\/\/actiondespoirmatumaini.org\/wp-content\/uploads\/2023\/08\/approvison.jpg 1138w\" sizes=\"(max-width: 640px) 100vw, 640px\" \/>\t\t\t\t\t\t\t\t\t\t\t\t\t\t\t<\/div>\n\t\t\t\t<\/div>\n\t\t\t\t\t<\/div>\n\t\t<\/div>\n\t\t\t\t\t<\/div>\n\t\t<\/section>\n\t\t\t\t<section class=\"elementor-section elementor-top-section elementor-element elementor-element-4fcd42a elementor-section-boxed elementor-section-height-default elementor-section-height-default\" data-id=\"4fcd42a\" data-element_type=\"section\" data-e-type=\"section\">\n\t\t\t\t\t\t<div class=\"elementor-container elementor-column-gap-default\">\n\t\t\t\t\t<div class=\"elementor-column elementor-col-50 elementor-top-column elementor-element elementor-element-a967003\" data-id=\"a967003\" data-element_type=\"column\" data-e-type=\"column\">\n\t\t\t<div class=\"elementor-widget-wrap elementor-element-populated\">\n\t\t\t\t\t\t<div class=\"elementor-element elementor-element-c4d0493 elementor-widget elementor-widget-heading\" data-id=\"c4d0493\" data-element_type=\"widget\" data-e-type=\"widget\" data-widget_type=\"heading.default\">\n\t\t\t\t<div class=\"elementor-widget-container\">\n\t\t\t\t\t<h5 class=\"elementor-heading-title elementor-size-default\">Formation de 36 membres de la soci\u00e9t\u00e9 civile sur la mutuelle de solidarit\u00e9 pour un acc\u00e8s aux soins de sant\u00e9 de qualit\u00e9 \u00e0 travers l\u2019adh\u00e9sion \u00e0 la mutuelle de sant\u00e9 dans la zone de sant\u00e9 de Miti-Murhesa au Sud-Kivu.<\/h5>\t\t\t\t<\/div>\n\t\t\t\t<\/div>\n\t\t\t\t\t<\/div>\n\t\t<\/div>\n\t\t\t\t<div class=\"elementor-column elementor-col-50 elementor-top-column elementor-element elementor-element-6d3fa69\" data-id=\"6d3fa69\" data-element_type=\"column\" data-e-type=\"column\">\n\t\t\t<div class=\"elementor-widget-wrap elementor-element-populated\">\n\t\t\t\t\t\t<div class=\"elementor-element elementor-element-3dab51f elementor-widget elementor-widget-image\" data-id=\"3dab51f\" data-element_type=\"widget\" data-e-type=\"widget\" data-widget_type=\"image.default\">\n\t\t\t\t<div class=\"elementor-widget-container\">\n\t\t\t\t\t\t\t\t\t\t\t\t\t\t\t<img decoding=\"async\" width=\"640\" height=\"214\" src=\"https:\/\/actiondespoirmatumaini.org\/wp-content\/uploads\/2023\/08\/fomartion-mutuel-1024x343.jpg\" class=\"attachment-large size-large wp-image-1951\" alt=\"\" srcset=\"https:\/\/actiondespoirmatumaini.org\/wp-content\/uploads\/2023\/08\/fomartion-mutuel-1024x343.jpg 1024w, https:\/\/actiondespoirmatumaini.org\/wp-content\/uploads\/2023\/08\/fomartion-mutuel-300x101.jpg 300w, https:\/\/actiondespoirmatumaini.org\/wp-content\/uploads\/2023\/08\/fomartion-mutuel-768x257.jpg 768w, https:\/\/actiondespoirmatumaini.org\/wp-content\/uploads\/2023\/08\/fomartion-mutuel.jpg 1128w\" sizes=\"(max-width: 640px) 100vw, 640px\" \/>\t\t\t\t\t\t\t\t\t\t\t\t\t\t\t<\/div>\n\t\t\t\t<\/div>\n\t\t\t\t\t<\/div>\n\t\t<\/div>\n\t\t\t\t\t<\/div>\n\t\t<\/section>\n\t\t\t\t<section class=\"elementor-section elementor-top-section elementor-element elementor-element-f7b2dbc elementor-section-boxed elementor-section-height-default elementor-section-height-default\" data-id=\"f7b2dbc\" data-element_type=\"section\" data-e-type=\"section\">\n\t\t\t\t\t\t<div class=\"elementor-container elementor-column-gap-default\">\n\t\t\t\t\t<div class=\"elementor-column elementor-col-100 elementor-top-column elementor-element elementor-element-11c102e\" data-id=\"11c102e\" data-element_type=\"column\" data-e-type=\"column\">\n\t\t\t<div class=\"elementor-widget-wrap elementor-element-populated\">\n\t\t\t\t\t\t<div class=\"elementor-element elementor-element-69cecdc elementor-widget elementor-widget-heading\" data-id=\"69cecdc\" data-element_type=\"widget\" data-e-type=\"widget\" data-widget_type=\"heading.default\">\n\t\t\t\t<div class=\"elementor-widget-container\">\n\t\t\t\t\t<h6 class=\"elementor-heading-title elementor-size-default\">Formation de 400 parents, leaders religieux et CODESA en Sant\u00e9 et Droits Sexuels et Reproductifs  ( SDSR) des adolescent.e.s et jeunes dans la zone de sant\u00e9 de Miti-Murhesa au Sud-Kivu<\/h6>\t\t\t\t<\/div>\n\t\t\t\t<\/div>\n\t\t\t\t\t<\/div>\n\t\t<\/div>\n\t\t\t\t\t<\/div>\n\t\t<\/section>\n\t\t\t\t<section class=\"elementor-section elementor-top-section elementor-element elementor-element-37c22fd elementor-section-boxed elementor-section-height-default elementor-section-height-default\" data-id=\"37c22fd\" data-element_type=\"section\" data-e-type=\"section\">\n\t\t\t\t\t\t<div class=\"elementor-container elementor-column-gap-default\">\n\t\t\t\t\t<div class=\"elementor-column elementor-col-100 elementor-top-column elementor-element elementor-element-06f164b\" data-id=\"06f164b\" data-element_type=\"column\" data-e-type=\"column\">\n\t\t\t<div class=\"elementor-widget-wrap elementor-element-populated\">\n\t\t\t\t\t\t<div class=\"elementor-element elementor-element-9cf7769 elementor-widget elementor-widget-image\" data-id=\"9cf7769\" data-element_type=\"widget\" data-e-type=\"widget\" data-widget_type=\"image.default\">\n\t\t\t\t<div class=\"elementor-widget-container\">\n\t\t\t\t\t\t\t\t\t\t\t\t\t\t\t<img decoding=\"async\" width=\"640\" height=\"212\" src=\"https:\/\/actiondespoirmatumaini.org\/wp-content\/uploads\/2023\/08\/fomartion-sant-1024x339.jpg\" class=\"attachment-large size-large wp-image-1952\" alt=\"\" srcset=\"https:\/\/actiondespoirmatumaini.org\/wp-content\/uploads\/2023\/08\/fomartion-sant-1024x339.jpg 1024w, https:\/\/actiondespoirmatumaini.org\/wp-content\/uploads\/2023\/08\/fomartion-sant-300x99.jpg 300w, https:\/\/actiondespoirmatumaini.org\/wp-content\/uploads\/2023\/08\/fomartion-sant-768x254.jpg 768w, https:\/\/actiondespoirmatumaini.org\/wp-content\/uploads\/2023\/08\/fomartion-sant.jpg 1136w\" sizes=\"(max-width: 640px) 100vw, 640px\" \/>\t\t\t\t\t\t\t\t\t\t\t\t\t\t\t<\/div>\n\t\t\t\t<\/div>\n\t\t\t\t\t<\/div>\n\t\t<\/div>\n\t\t\t\t\t<\/div>\n\t\t<\/section>\n\t\t\t\t<\/div>\n\t\t","protected":false},"excerpt":{"rendered":"<p>Approvisionnement en M\u00e9dicaments traceurs, Tests diagnostiques VIH et BHCG, M\u00e9thodes contraceptives modernes et mat\u00e9riel m\u00e9dical de qualit\u00e9 dans les zones de sant\u00e9 de Miti-Murhesa (18 centres de sant\u00e9) , Minova ( 2 centres de sant\u00e9 et 1 HGR) et Kaniola ( 1 centre de sant\u00e9 devenu H\u00f4pital) au Sud-Kivu. Formation de 36 membres de la [&hellip;]<\/p>\n","protected":false},"author":1,"featured_media":0,"parent":0,"menu_order":0,"comment_status":"closed","ping_status":"closed","template":"","meta":{"footnotes":""},"class_list":["post-1882","page","type-page","status-publish","hentry"],"_links":{"self":[{"href":"https:\/\/actiondespoirmatumaini.org\/index.php\/wp-json\/wp\/v2\/pages\/1882","targetHints":{"allow":["GET"]}}],"collection":[{"href":"https:\/\/actiondespoirmatumaini.org\/index.php\/wp-json\/wp\/v2\/pages"}],"about":[{"href":"https:\/\/actiondespoirmatumaini.org\/index.php\/wp-json\/wp\/v2\/types\/page"}],"author":[{"embeddable":true,"href":"https:\/\/actiondespoirmatumaini.org\/index.php\/wp-json\/wp\/v2\/users\/1"}],"replies":[{"embeddable":true,"href":"https:\/\/actiondespoirmatumaini.org\/index.php\/wp-json\/wp\/v2\/comments?post=1882"}],"version-history":[{"count":13,"href":"https:\/\/actiondespoirmatumaini.org\/index.php\/wp-json\/wp\/v2\/pages\/1882\/revisions"}],"predecessor-version":[{"id":2062,"href":"https:\/\/actiondespoirmatumaini.org\/index.php\/wp-json\/wp\/v2\/pages\/1882\/revisions\/2062"}],"wp:attachment":[{"href":"https:\/\/actiondespoirmatumaini.org\/index.php\/wp-json\/wp\/v2\/media?parent=1882"}],"curies":[{"name":"wp","href":"https:\/\/api.w.org\/{rel}","templated":true}]}}